{"id":55,"date":"2019-09-17T13:51:30","date_gmt":"2019-09-17T06:51:30","guid":{"rendered":"http:\/\/sukien6.w2steam.com\/?page_id=55"},"modified":"2019-09-18T14:16:08","modified_gmt":"2019-09-18T07:16:08","slug":"tieu-chi-danh-gia","status":"publish","type":"page","link":"https:\/\/websukien3.vidoweb.vn\/?page_id=55","title":{"rendered":"Ti\u00eau ch\u00ed \u0111\u00e1nh gi\u00e1"},"content":{"rendered":"\t<div class=\"box has-hover  hide-for-small has-hover box-overlay dark box-text-middle\" >\n\n\t\t<div class=\"box-image\" >\n\t\t\t\t\t\t<div class=\"\" >\n\t\t\t\t<img loading=\"lazy\" decoding=\"async\" width=\"1366\" height=\"374\" src=\"https:\/\/websukien3.vidoweb.vn\/wp-content\/uploads\/2019\/09\/banner-dt.jpg\" class=\"attachment-original size-original\" alt=\"\" srcset=\"https:\/\/websukien3.vidoweb.vn\/wp-content\/uploads\/2019\/09\/banner-dt.jpg 1366w, https:\/\/websukien3.vidoweb.vn\/wp-content\/uploads\/2019\/09\/banner-dt-300x82.jpg 300w, https:\/\/websukien3.vidoweb.vn\/wp-content\/uploads\/2019\/09\/banner-dt-768x210.jpg 768w, https:\/\/websukien3.vidoweb.vn\/wp-content\/uploads\/2019\/09\/banner-dt-1024x280.jpg 1024w\" sizes=\"auto, (max-width: 1366px) 100vw, 1366px\" \/>\t\t\t\t<div class=\"overlay\" style=\"background-color:1\"><\/div>\t\t\t\t\t\t\t<\/div>\n\t\t\t\t\t<\/div>\n\n\t\t<div class=\"box-text text-center\" >\n\t\t\t<div class=\"box-text-inner\">\n\t\t\t\t\n<div class=\"row\"  id=\"row-1330745105\">\n\n\t<div id=\"col-752140211\" class=\"col small-12 large-12\"  >\n\t\t\t\t<div class=\"col-inner\"  >\n\t\t\t\n\t\t\t\n<div class=\"container section-title-container\" ><h2 class=\"section-title section-title-center\"><b><\/b><span class=\"section-title-main\" style=\"color:rgb(255, 255, 255);\">Gi\u1edbi thi\u1ec7u<\/span><b><\/b><\/h2><\/div>\n\t<div id=\"gap-1250586880\" class=\"gap-element clearfix\" style=\"display:block; height:auto;\">\n\t\t\n<style>\n#gap-1250586880 {\n  padding-top: 15px;\n}\n<\/style>\n\t<\/div>\n\t\n<div class=\"row row-small\"  id=\"row-2132454427\">\n\n\t<div id=\"col-1952949445\" class=\"col hide-for-small medium-3 small-6 large-3\"  >\n\t\t\t\t<div class=\"col-inner\"  >\n\t\t\t\n\t\t\t\n\t\t<\/div>\n\t\t\t\t\t<\/div>\n\n\t\n\n\t<div id=\"col-1242278095\" class=\"col medium-3 small-6 large-3\"  >\n\t\t\t\t<div class=\"col-inner\"  >\n\t\t\t\n\t\t\t\n<a href=\"\/gioi-thieu\/ve-aaa\/\" target=\"_self\" class=\"button secondary is-outline is-larger expand nut-xem-them\"  style=\"border-radius:99px;\">\n    <span>V\u1ec1 AAA<\/span>\n  <\/a>\n\n\t\t<\/div>\n\t\t\t\t\t<\/div>\n\n\t\n\n\t<div id=\"col-1522324157\" class=\"col medium-3 small-6 large-3\"  >\n\t\t\t\t<div class=\"col-inner\"  >\n\t\t\t\n\t\t\t\n<a href=\"\/gioi-thieu\/tieu-chi-danh-gia\/\" target=\"_self\" class=\"button primary is-larger expand nut-xem-them\"  style=\"border-radius:99px;\">\n    <span>Ti\u00eau ch\u00ed \u0111\u00e1nh gi\u00e1<\/span>\n  <\/a>\n\n\t\t<\/div>\n\t\t\t\t\t<\/div>\n\n\t\n\n\t<div id=\"col-206464683\" class=\"col hide-for-small medium-3 small-6 large-3\"  >\n\t\t\t\t<div class=\"col-inner\"  >\n\t\t\t\n\t\t\t\n\t\t<\/div>\n\t\t\t\t\t<\/div>\n\n\t\n<\/div>\n\t\t<\/div>\n\t\t\t\t\t<\/div>\n\n\t\n<\/div>\n\t\t\t<\/div>\n\t\t<\/div>\n\t<\/div>\n\t\n\t<div class=\"box has-hover  show-for-small has-hover box-overlay dark box-text-middle\" >\n\n\t\t<div class=\"box-image\" >\n\t\t\t\t\t\t<div class=\"image-cover\" style=\"padding-top:145%;\">\n\t\t\t\t<img loading=\"lazy\" decoding=\"async\" width=\"1366\" height=\"374\" src=\"https:\/\/websukien3.vidoweb.vn\/wp-content\/uploads\/2019\/09\/banner-dt.jpg\" class=\"attachment-original size-original\" alt=\"\" srcset=\"https:\/\/websukien3.vidoweb.vn\/wp-content\/uploads\/2019\/09\/banner-dt.jpg 1366w, https:\/\/websukien3.vidoweb.vn\/wp-content\/uploads\/2019\/09\/banner-dt-300x82.jpg 300w, https:\/\/websukien3.vidoweb.vn\/wp-content\/uploads\/2019\/09\/banner-dt-768x210.jpg 768w, https:\/\/websukien3.vidoweb.vn\/wp-content\/uploads\/2019\/09\/banner-dt-1024x280.jpg 1024w\" sizes=\"auto, (max-width: 1366px) 100vw, 1366px\" \/>\t\t\t\t<div class=\"overlay\" style=\"background-color:1\"><\/div>\t\t\t\t\t\t\t<\/div>\n\t\t\t\t\t<\/div>\n\n\t\t<div class=\"box-text text-center\" >\n\t\t\t<div class=\"box-text-inner\">\n\t\t\t\t\n<div class=\"row\"  id=\"row-1384289009\">\n\n\t<div id=\"col-1805216827\" class=\"col small-12 large-12\"  >\n\t\t\t\t<div class=\"col-inner\"  >\n\t\t\t\n\t\t\t\n<div class=\"container section-title-container\" ><h2 class=\"section-title section-title-center\"><b><\/b><span class=\"section-title-main\" style=\"color:rgb(255, 255, 255);\">Gi\u1edbi thi\u1ec7u<\/span><b><\/b><\/h2><\/div>\n\t<div id=\"gap-486548409\" class=\"gap-element clearfix\" style=\"display:block; height:auto;\">\n\t\t\n<style>\n#gap-486548409 {\n  padding-top: 15px;\n}\n<\/style>\n\t<\/div>\n\t\n<a href=\"\/gioi-thieu\/ve-aaa\/\" target=\"_self\" class=\"button secondary is-outline is-larger expand nut-xem-them\"  style=\"border-radius:99px;\">\n    <span>V\u1ec1 AAA<\/span>\n  <\/a>\n\n\t<div id=\"gap-665752383\" class=\"gap-element clearfix\" style=\"display:block; height:auto;\">\n\t\t\n<style>\n#gap-665752383 {\n  padding-top: 15px;\n}\n<\/style>\n\t<\/div>\n\t\n<a href=\"\/gioi-thieu\/tieu-chi-danh-gia\/\" target=\"_self\" class=\"button primary is-larger expand nut-xem-them\"  style=\"border-radius:99px;\">\n    <span>Ti\u00eau ch\u00ed \u0111\u00e1nh gi\u00e1<\/span>\n  <\/a>\n\n\t\t<\/div>\n\t\t\t\t\t<\/div>\n\n\t\n<\/div>\n\t\t\t<\/div>\n\t\t<\/div>\n\t<\/div>\n\t\n\t<section class=\"section\" id=\"section_709886836\">\n\t\t<div class=\"bg section-bg fill bg-fill  bg-loaded\" >\n\n\t\t\t\n\t\t\t\n\t\t\t\n\n\t\t<\/div>\n\n\t\t\n\n\t\t<div class=\"section-content relative\">\n\t\t\t\n<div class=\"row\"  id=\"row-182481231\">\n\n\t<div id=\"col-610727402\" class=\"col small-12 large-12\"  >\n\t\t\t\t<div class=\"col-inner\"  >\n\t\t\t\n\t\t\t\n\t<div class=\"img has-hover x md-x lg-x y md-y lg-y\" id=\"image_2039229364\">\n\t\t\t\t\t\t\t\t<div class=\"img-inner dark\" >\n\t\t\t<img loading=\"lazy\" decoding=\"async\" width=\"1240\" height=\"1754\" src=\"https:\/\/websukien3.vidoweb.vn\/wp-content\/uploads\/2019\/09\/qGcELoT.jpg\" class=\"attachment-original size-original\" alt=\"\" srcset=\"https:\/\/websukien3.vidoweb.vn\/wp-content\/uploads\/2019\/09\/qGcELoT.jpg 1240w, https:\/\/websukien3.vidoweb.vn\/wp-content\/uploads\/2019\/09\/qGcELoT-212x300.jpg 212w, https:\/\/websukien3.vidoweb.vn\/wp-content\/uploads\/2019\/09\/qGcELoT-768x1086.jpg 768w, https:\/\/websukien3.vidoweb.vn\/wp-content\/uploads\/2019\/09\/qGcELoT-724x1024.jpg 724w\" sizes=\"auto, (max-width: 1240px) 100vw, 1240px\" \/>\t\t\t\t\t\t\n\t\t\t\t\t<\/div>\n\t\t\t\t\t\t\t\t\n<style>\n#image_2039229364 {\n  width: 100%;\n}\n<\/style>\n\t<\/div>\n\t\n\t\t<\/div>\n\t\t\t\t\t<\/div>\n\n\t\n<\/div>\n\t\t<\/div>\n\n\t\t\n<style>\n#section_709886836 {\n  padding-top: 30px;\n  padding-bottom: 30px;\n  background-color: rgb(237, 235, 251);\n}\n#section_709886836 .ux-shape-divider--top svg {\n  height: 150px;\n  --divider-top-width: 100%;\n}\n#section_709886836 .ux-shape-divider--bottom svg {\n  height: 150px;\n  --divider-width: 100%;\n}\n<\/style>\n\t<\/section>\n\t\n","protected":false},"excerpt":{"rendered":"","protected":false},"author":1,"featured_media":0,"parent":51,"menu_order":0,"comment_status":"closed","ping_status":"closed","template":"page-transparent-header.php","meta":{"footnotes":""},"class_list":["post-55","page","type-page","status-publish","hentry"],"yoast_head":"<!-- This site is optimized with the Yoast SEO plugin v25.7 - https:\/\/yoast.com\/wordpress\/plugins\/seo\/ -->\n<title>Ti\u00eau ch\u00ed \u0111\u00e1nh gi\u00e1 - S\u1ef1 ki\u1ec7n 3<\/title>\n<meta name=\"robots\" content=\"noindex, follow, max-snippet:-1, max-image-preview:large, max-video-preview:-1\" \/>\n<meta property=\"og:locale\" content=\"vi_VN\" \/>\n<meta property=\"og:type\" content=\"article\" \/>\n<meta property=\"og:title\" content=\"Ti\u00eau ch\u00ed \u0111\u00e1nh gi\u00e1 - S\u1ef1 ki\u1ec7n 3\" \/>\n<meta property=\"og:url\" content=\"https:\/\/websukien3.vidoweb.vn\/?page_id=55\" \/>\n<meta property=\"og:site_name\" content=\"S\u1ef1 ki\u1ec7n 3\" \/>\n<meta property=\"article:modified_time\" content=\"2019-09-18T07:16:08+00:00\" \/>\n<meta name=\"twitter:card\" content=\"summary_large_image\" \/>\n<meta name=\"twitter:label1\" content=\"\u01af\u1edbc t\u00ednh th\u1eddi gian \u0111\u1ecdc\" \/>\n\t<meta name=\"twitter:data1\" content=\"1 ph\u00fat\" \/>\n<script type=\"application\/ld+json\" class=\"yoast-schema-graph\">{\"@context\":\"https:\/\/schema.org\",\"@graph\":[{\"@type\":\"WebPage\",\"@id\":\"https:\/\/websukien3.vidoweb.vn\/?page_id=55\",\"url\":\"https:\/\/websukien3.vidoweb.vn\/?page_id=55\",\"name\":\"Ti\u00eau ch\u00ed \u0111\u00e1nh gi\u00e1 - S\u1ef1 ki\u1ec7n 3\",\"isPartOf\":{\"@id\":\"https:\/\/websukien3.vidoweb.vn\/#website\"},\"datePublished\":\"2019-09-17T06:51:30+00:00\",\"dateModified\":\"2019-09-18T07:16:08+00:00\",\"breadcrumb\":{\"@id\":\"https:\/\/websukien3.vidoweb.vn\/?page_id=55#breadcrumb\"},\"inLanguage\":\"vi\",\"potentialAction\":[{\"@type\":\"ReadAction\",\"target\":[\"https:\/\/websukien3.vidoweb.vn\/?page_id=55\"]}]},{\"@type\":\"BreadcrumbList\",\"@id\":\"https:\/\/websukien3.vidoweb.vn\/?page_id=55#breadcrumb\",\"itemListElement\":[{\"@type\":\"ListItem\",\"position\":1,\"name\":\"Trang ch\u1ee7\",\"item\":\"https:\/\/websukien3.vidoweb.vn\/\"},{\"@type\":\"ListItem\",\"position\":2,\"name\":\"Gi\u1edbi thi\u1ec7u\",\"item\":\"https:\/\/websukien3.vidoweb.vn\/?page_id=51\"},{\"@type\":\"ListItem\",\"position\":3,\"name\":\"Ti\u00eau ch\u00ed \u0111\u00e1nh gi\u00e1\"}]},{\"@type\":\"WebSite\",\"@id\":\"https:\/\/websukien3.vidoweb.vn\/#website\",\"url\":\"https:\/\/websukien3.vidoweb.vn\/\",\"name\":\"S\u1ef1 ki\u1ec7n 3\",\"description\":\"\",\"potentialAction\":[{\"@type\":\"SearchAction\",\"target\":{\"@type\":\"EntryPoint\",\"urlTemplate\":\"https:\/\/websukien3.vidoweb.vn\/?s={search_term_string}\"},\"query-input\":{\"@type\":\"PropertyValueSpecification\",\"valueRequired\":true,\"valueName\":\"search_term_string\"}}],\"inLanguage\":\"vi\"}]}<\/script>\n<!-- \/ Yoast SEO plugin. -->","yoast_head_json":{"title":"Ti\u00eau ch\u00ed \u0111\u00e1nh gi\u00e1 - S\u1ef1 ki\u1ec7n 3","robots":{"index":"noindex","follow":"follow","max-snippet":"max-snippet:-1","max-image-preview":"max-image-preview:large","max-video-preview":"max-video-preview:-1"},"og_locale":"vi_VN","og_type":"article","og_title":"Ti\u00eau ch\u00ed \u0111\u00e1nh gi\u00e1 - S\u1ef1 ki\u1ec7n 3","og_url":"https:\/\/websukien3.vidoweb.vn\/?page_id=55","og_site_name":"S\u1ef1 ki\u1ec7n 3","article_modified_time":"2019-09-18T07:16:08+00:00","twitter_card":"summary_large_image","twitter_misc":{"\u01af\u1edbc t\u00ednh th\u1eddi gian \u0111\u1ecdc":"1 ph\u00fat"},"schema":{"@context":"https:\/\/schema.org","@graph":[{"@type":"WebPage","@id":"https:\/\/websukien3.vidoweb.vn\/?page_id=55","url":"https:\/\/websukien3.vidoweb.vn\/?page_id=55","name":"Ti\u00eau ch\u00ed \u0111\u00e1nh gi\u00e1 - S\u1ef1 ki\u1ec7n 3","isPartOf":{"@id":"https:\/\/websukien3.vidoweb.vn\/#website"},"datePublished":"2019-09-17T06:51:30+00:00","dateModified":"2019-09-18T07:16:08+00:00","breadcrumb":{"@id":"https:\/\/websukien3.vidoweb.vn\/?page_id=55#breadcrumb"},"inLanguage":"vi","potentialAction":[{"@type":"ReadAction","target":["https:\/\/websukien3.vidoweb.vn\/?page_id=55"]}]},{"@type":"BreadcrumbList","@id":"https:\/\/websukien3.vidoweb.vn\/?page_id=55#breadcrumb","itemListElement":[{"@type":"ListItem","position":1,"name":"Trang ch\u1ee7","item":"https:\/\/websukien3.vidoweb.vn\/"},{"@type":"ListItem","position":2,"name":"Gi\u1edbi thi\u1ec7u","item":"https:\/\/websukien3.vidoweb.vn\/?page_id=51"},{"@type":"ListItem","position":3,"name":"Ti\u00eau ch\u00ed \u0111\u00e1nh gi\u00e1"}]},{"@type":"WebSite","@id":"https:\/\/websukien3.vidoweb.vn\/#website","url":"https:\/\/websukien3.vidoweb.vn\/","name":"S\u1ef1 ki\u1ec7n 3","description":"","potentialAction":[{"@type":"SearchAction","target":{"@type":"EntryPoint","urlTemplate":"https:\/\/websukien3.vidoweb.vn\/?s={search_term_string}"},"query-input":{"@type":"PropertyValueSpecification","valueRequired":true,"valueName":"search_term_string"}}],"inLanguage":"vi"}]}},"_links":{"self":[{"href":"https:\/\/websukien3.vidoweb.vn\/index.php?rest_route=\/wp\/v2\/pages\/55","targetHints":{"allow":["GET"]}}],"collection":[{"href":"https:\/\/websukien3.vidoweb.vn\/index.php?rest_route=\/wp\/v2\/pages"}],"about":[{"href":"https:\/\/websukien3.vidoweb.vn\/index.php?rest_route=\/wp\/v2\/types\/page"}],"author":[{"embeddable":true,"href":"https:\/\/websukien3.vidoweb.vn\/index.php?rest_route=\/wp\/v2\/users\/1"}],"replies":[{"embeddable":true,"href":"https:\/\/websukien3.vidoweb.vn\/index.php?rest_route=%2Fwp%2Fv2%2Fcomments&post=55"}],"version-history":[{"count":0,"href":"https:\/\/websukien3.vidoweb.vn\/index.php?rest_route=\/wp\/v2\/pages\/55\/revisions"}],"up":[{"embeddable":true,"href":"https:\/\/websukien3.vidoweb.vn\/index.php?rest_route=\/wp\/v2\/pages\/51"}],"wp:attachment":[{"href":"https:\/\/websukien3.vidoweb.vn\/index.php?rest_route=%2Fwp%2Fv2%2Fmedia&parent=55"}],"curies":[{"name":"wp","href":"https:\/\/api.w.org\/{rel}","templated":true}]}}