{"id":61,"date":"2019-09-17T13:51:51","date_gmt":"2019-09-17T06:51:51","guid":{"rendered":"http:\/\/sukien6.w2steam.com\/?page_id=61"},"modified":"2019-09-18T14:19:07","modified_gmt":"2019-09-18T07:19:07","slug":"thong-bao","status":"publish","type":"page","link":"https:\/\/websukien3.vidoweb.vn\/?page_id=61","title":{"rendered":"Th\u00f4ng b\u00e1o"},"content":{"rendered":"\t<div class=\"box has-hover  hide-for-small has-hover box-overlay dark box-text-middle\" >\n\n\t\t<div class=\"box-image\" >\n\t\t\t\t\t\t<div class=\"\" >\n\t\t\t\t<img loading=\"lazy\" decoding=\"async\" width=\"1366\" height=\"374\" src=\"https:\/\/websukien3.vidoweb.vn\/wp-content\/uploads\/2019\/09\/banner-dt.jpg\" class=\"attachment-original size-original\" alt=\"\" srcset=\"https:\/\/websukien3.vidoweb.vn\/wp-content\/uploads\/2019\/09\/banner-dt.jpg 1366w, https:\/\/websukien3.vidoweb.vn\/wp-content\/uploads\/2019\/09\/banner-dt-300x82.jpg 300w, https:\/\/websukien3.vidoweb.vn\/wp-content\/uploads\/2019\/09\/banner-dt-768x210.jpg 768w, https:\/\/websukien3.vidoweb.vn\/wp-content\/uploads\/2019\/09\/banner-dt-1024x280.jpg 1024w\" sizes=\"auto, (max-width: 1366px) 100vw, 1366px\" \/>\t\t\t\t<div class=\"overlay\" style=\"background-color:1\"><\/div>\t\t\t\t\t\t\t<\/div>\n\t\t\t\t\t<\/div>\n\n\t\t<div class=\"box-text text-center\" >\n\t\t\t<div class=\"box-text-inner\">\n\t\t\t\t\n<div class=\"row\"  id=\"row-1467803105\">\n\n\t<div id=\"col-285078969\" class=\"col small-12 large-12\"  >\n\t\t\t\t<div class=\"col-inner\"  >\n\t\t\t\n\t\t\t\n<div class=\"container section-title-container\" ><h2 class=\"section-title section-title-center\"><b><\/b><span class=\"section-title-main\" style=\"color:rgb(255, 255, 255);\">Th\u00f4ng b\u00e1o<\/span><b><\/b><\/h2><\/div>\n\t\t<\/div>\n\t\t\t\t\t<\/div>\n\n\t\n<\/div>\n\t\t\t<\/div>\n\t\t<\/div>\n\t<\/div>\n\t\n\t<div class=\"box has-hover  show-for-small has-hover box-overlay dark box-text-middle\" >\n\n\t\t<div class=\"box-image\" >\n\t\t\t\t\t\t<div class=\"image-cover\" style=\"padding-top:145%;\">\n\t\t\t\t<img loading=\"lazy\" decoding=\"async\" width=\"1366\" height=\"374\" src=\"https:\/\/websukien3.vidoweb.vn\/wp-content\/uploads\/2019\/09\/banner-dt.jpg\" class=\"attachment-original size-original\" alt=\"\" srcset=\"https:\/\/websukien3.vidoweb.vn\/wp-content\/uploads\/2019\/09\/banner-dt.jpg 1366w, https:\/\/websukien3.vidoweb.vn\/wp-content\/uploads\/2019\/09\/banner-dt-300x82.jpg 300w, https:\/\/websukien3.vidoweb.vn\/wp-content\/uploads\/2019\/09\/banner-dt-768x210.jpg 768w, https:\/\/websukien3.vidoweb.vn\/wp-content\/uploads\/2019\/09\/banner-dt-1024x280.jpg 1024w\" sizes=\"auto, (max-width: 1366px) 100vw, 1366px\" \/>\t\t\t\t<div class=\"overlay\" style=\"background-color:1\"><\/div>\t\t\t\t\t\t\t<\/div>\n\t\t\t\t\t<\/div>\n\n\t\t<div class=\"box-text text-center\" >\n\t\t\t<div class=\"box-text-inner\">\n\t\t\t\t\n<div class=\"row\"  id=\"row-2011580153\">\n\n\t<div id=\"col-1684871906\" class=\"col small-12 large-12\"  >\n\t\t\t\t<div class=\"col-inner\"  >\n\t\t\t\n\t\t\t\n<div class=\"container section-title-container\" ><h2 class=\"section-title section-title-center\"><b><\/b><span class=\"section-title-main\" style=\"color:rgb(255, 255, 255);\">Th\u00f4ng b\u00e1o<\/span><b><\/b><\/h2><\/div>\n\t\t<\/div>\n\t\t\t\t\t<\/div>\n\n\t\n<\/div>\n\t\t\t<\/div>\n\t\t<\/div>\n\t<\/div>\n\t\n\t<section class=\"section\" id=\"section_2128363258\">\n\t\t<div class=\"bg section-bg fill bg-fill  bg-loaded\" >\n\n\t\t\t\n\t\t\t\n\t\t\t\n\n\t\t<\/div>\n\n\t\t\n\n\t\t<div class=\"section-content relative\">\n\t\t\t\n<div class=\"row\"  id=\"row-678812353\">\n\n\t<div id=\"col-646189256\" class=\"col small-12 large-12\"  >\n\t\t\t\t<div class=\"col-inner\"  >\n\t\t\t\n\t\t\t\n<div class=\"accordion\">\n<div id=\"accordion-2483275097\" class=\"accordion-item\"><a id=\"accordion-2483275097-label\" href=\"#\" class=\"accordion-title plain active\" aria-expanded=\"true\" aria-controls=\"accordion-2483275097-content\"><button class=\"toggle\" aria-label=\"Toggle\"><i class=\"icon-angle-down\"><\/i><\/button><span>2. TH\u1ec2 L\u1ec6 B\u00ccNH CH\u1eccN NGH\u1ec6 S\u0128 \u0110\u01af\u01a0C Y\u00caU TH\u00cdCH NH\u1ea4T<\/span><\/a><div id=\"accordion-2483275097-content\" class=\"accordion-inner\" style=\"display: block;\" aria-labelledby=\"accordion-2483275097-label\">\n\t<div class=\"img has-hover x md-x lg-x y md-y lg-y\" id=\"image_1009147475\">\n\t\t\t\t\t\t\t\t<div class=\"img-inner dark\" >\n\t\t\t<img loading=\"lazy\" decoding=\"async\" width=\"1239\" height=\"1754\" src=\"https:\/\/websukien3.vidoweb.vn\/wp-content\/uploads\/2019\/09\/th\u1ec3-l\u1ec7-ti\u1ebfng-vi\u1ec7t-\u1ea3nh-1.jpg\" class=\"attachment-original size-original\" alt=\"\" srcset=\"https:\/\/websukien3.vidoweb.vn\/wp-content\/uploads\/2019\/09\/th\u1ec3-l\u1ec7-ti\u1ebfng-vi\u1ec7t-\u1ea3nh-1.jpg 1239w, https:\/\/websukien3.vidoweb.vn\/wp-content\/uploads\/2019\/09\/th\u1ec3-l\u1ec7-ti\u1ebfng-vi\u1ec7t-\u1ea3nh-1-212x300.jpg 212w, https:\/\/websukien3.vidoweb.vn\/wp-content\/uploads\/2019\/09\/th\u1ec3-l\u1ec7-ti\u1ebfng-vi\u1ec7t-\u1ea3nh-1-768x1087.jpg 768w, https:\/\/websukien3.vidoweb.vn\/wp-content\/uploads\/2019\/09\/th\u1ec3-l\u1ec7-ti\u1ebfng-vi\u1ec7t-\u1ea3nh-1-723x1024.jpg 723w\" sizes=\"auto, (max-width: 1239px) 100vw, 1239px\" \/>\t\t\t\t\t\t\n\t\t\t\t\t<\/div>\n\t\t\t\t\t\t\t\t\n<style>\n#image_1009147475 {\n  width: 100%;\n}\n<\/style>\n\t<\/div>\n\t\n\t<div id=\"gap-1414376235\" class=\"gap-element clearfix\" style=\"display:block; height:auto;\">\n\t\t\n<style>\n#gap-1414376235 {\n  padding-top: 30px;\n}\n<\/style>\n\t<\/div>\n\t\n\t<div class=\"img has-hover x md-x lg-x y md-y lg-y\" id=\"image_1946056156\">\n\t\t\t\t\t\t\t\t<div class=\"img-inner dark\" >\n\t\t\t<img loading=\"lazy\" decoding=\"async\" width=\"1239\" height=\"1754\" src=\"https:\/\/websukien3.vidoweb.vn\/wp-content\/uploads\/2019\/09\/The-le-binh-chon-VN.jpg\" class=\"attachment-original size-original\" alt=\"\" srcset=\"https:\/\/websukien3.vidoweb.vn\/wp-content\/uploads\/2019\/09\/The-le-binh-chon-VN.jpg 1239w, https:\/\/websukien3.vidoweb.vn\/wp-content\/uploads\/2019\/09\/The-le-binh-chon-VN-212x300.jpg 212w, https:\/\/websukien3.vidoweb.vn\/wp-content\/uploads\/2019\/09\/The-le-binh-chon-VN-768x1087.jpg 768w, https:\/\/websukien3.vidoweb.vn\/wp-content\/uploads\/2019\/09\/The-le-binh-chon-VN-723x1024.jpg 723w\" sizes=\"auto, (max-width: 1239px) 100vw, 1239px\" \/>\t\t\t\t\t\t\n\t\t\t\t\t<\/div>\n\t\t\t\t\t\t\t\t\n<style>\n#image_1946056156 {\n  width: 100%;\n}\n<\/style>\n\t<\/div>\n\t\n<\/div><\/div>\n<div id=\"accordion-2036503141\" class=\"accordion-item\"><a id=\"accordion-2036503141-label\" href=\"#\" class=\"accordion-title plain\" aria-expanded=\"false\" aria-controls=\"accordion-2036503141-content\"><button class=\"toggle\" aria-label=\"Toggle\"><i class=\"icon-angle-down\"><\/i><\/button><span>1. WEBSITE L\u1ec4 TRAO GI\u1ea2I NGH\u1ec6 S\u0128 CH\u00c2U \u00c1 2019 T\u1ea0I VI\u1ec6T NAM CH\u00cdNH TH\u1ee8C RA M\u1eaeT<\/span><\/a><div id=\"accordion-2036503141-content\" class=\"accordion-inner\" aria-labelledby=\"accordion-2036503141-label\">\n\t<div class=\"img has-hover x md-x lg-x y md-y lg-y\" id=\"image_1840417108\">\n\t\t\t\t\t\t\t\t<div class=\"img-inner dark\" >\n\t\t\t<img loading=\"lazy\" decoding=\"async\" width=\"1240\" height=\"1754\" src=\"https:\/\/websukien3.vidoweb.vn\/wp-content\/uploads\/2019\/09\/AAA-b\u00e0i-vi\u1ebft-ra-m\u1eaft-web-ti\u1ebfng-vi\u1ec7t-01-17.jpg\" class=\"attachment-original size-original\" alt=\"\" srcset=\"https:\/\/websukien3.vidoweb.vn\/wp-content\/uploads\/2019\/09\/AAA-b\u00e0i-vi\u1ebft-ra-m\u1eaft-web-ti\u1ebfng-vi\u1ec7t-01-17.jpg 1240w, https:\/\/websukien3.vidoweb.vn\/wp-content\/uploads\/2019\/09\/AAA-b\u00e0i-vi\u1ebft-ra-m\u1eaft-web-ti\u1ebfng-vi\u1ec7t-01-17-212x300.jpg 212w, https:\/\/websukien3.vidoweb.vn\/wp-content\/uploads\/2019\/09\/AAA-b\u00e0i-vi\u1ebft-ra-m\u1eaft-web-ti\u1ebfng-vi\u1ec7t-01-17-768x1086.jpg 768w, https:\/\/websukien3.vidoweb.vn\/wp-content\/uploads\/2019\/09\/AAA-b\u00e0i-vi\u1ebft-ra-m\u1eaft-web-ti\u1ebfng-vi\u1ec7t-01-17-724x1024.jpg 724w\" sizes=\"auto, (max-width: 1240px) 100vw, 1240px\" \/>\t\t\t\t\t\t\n\t\t\t\t\t<\/div>\n\t\t\t\t\t\t\t\t\n<style>\n#image_1840417108 {\n  width: 100%;\n}\n<\/style>\n\t<\/div>\n\t\n<\/div><\/div>\n<\/div>\n\t\t<\/div>\n\t\t\t\t\t<\/div>\n\n\t\n<\/div>\n\t\t<\/div>\n\n\t\t\n<style>\n#section_2128363258 {\n  padding-top: 30px;\n  padding-bottom: 30px;\n  background-color: rgb(237, 235, 251);\n}\n#section_2128363258 .ux-shape-divider--top svg {\n  height: 150px;\n  --divider-top-width: 100%;\n}\n#section_2128363258 .ux-shape-divider--bottom svg {\n  height: 150px;\n  --divider-width: 100%;\n}\n<\/style>\n\t<\/section>\n\t\n","protected":false},"excerpt":{"rendered":"","protected":false},"author":1,"featured_media":0,"parent":0,"menu_order":0,"comment_status":"closed","ping_status":"closed","template":"page-transparent-header.php","meta":{"footnotes":""},"class_list":["post-61","page","type-page","status-publish","hentry"],"yoast_head":"<!-- This site is optimized with the Yoast SEO plugin v25.7 - https:\/\/yoast.com\/wordpress\/plugins\/seo\/ -->\n<title>Th\u00f4ng b\u00e1o - S\u1ef1 ki\u1ec7n 3<\/title>\n<meta name=\"robots\" content=\"noindex, follow, max-snippet:-1, max-image-preview:large, max-video-preview:-1\" \/>\n<meta property=\"og:locale\" content=\"vi_VN\" \/>\n<meta property=\"og:type\" content=\"article\" \/>\n<meta property=\"og:title\" content=\"Th\u00f4ng b\u00e1o - S\u1ef1 ki\u1ec7n 3\" \/>\n<meta property=\"og:url\" content=\"https:\/\/websukien3.vidoweb.vn\/?page_id=61\" \/>\n<meta property=\"og:site_name\" content=\"S\u1ef1 ki\u1ec7n 3\" \/>\n<meta property=\"article:modified_time\" content=\"2019-09-18T07:19:07+00:00\" \/>\n<meta name=\"twitter:card\" content=\"summary_large_image\" \/>\n<meta name=\"twitter:label1\" content=\"\u01af\u1edbc t\u00ednh th\u1eddi gian \u0111\u1ecdc\" \/>\n\t<meta name=\"twitter:data1\" content=\"1 ph\u00fat\" \/>\n<script type=\"application\/ld+json\" class=\"yoast-schema-graph\">{\"@context\":\"https:\/\/schema.org\",\"@graph\":[{\"@type\":\"WebPage\",\"@id\":\"https:\/\/websukien3.vidoweb.vn\/?page_id=61\",\"url\":\"https:\/\/websukien3.vidoweb.vn\/?page_id=61\",\"name\":\"Th\u00f4ng b\u00e1o - S\u1ef1 ki\u1ec7n 3\",\"isPartOf\":{\"@id\":\"https:\/\/websukien3.vidoweb.vn\/#website\"},\"datePublished\":\"2019-09-17T06:51:51+00:00\",\"dateModified\":\"2019-09-18T07:19:07+00:00\",\"breadcrumb\":{\"@id\":\"https:\/\/websukien3.vidoweb.vn\/?page_id=61#breadcrumb\"},\"inLanguage\":\"vi\",\"potentialAction\":[{\"@type\":\"ReadAction\",\"target\":[\"https:\/\/websukien3.vidoweb.vn\/?page_id=61\"]}]},{\"@type\":\"BreadcrumbList\",\"@id\":\"https:\/\/websukien3.vidoweb.vn\/?page_id=61#breadcrumb\",\"itemListElement\":[{\"@type\":\"ListItem\",\"position\":1,\"name\":\"Trang ch\u1ee7\",\"item\":\"https:\/\/websukien3.vidoweb.vn\/\"},{\"@type\":\"ListItem\",\"position\":2,\"name\":\"Th\u00f4ng b\u00e1o\"}]},{\"@type\":\"WebSite\",\"@id\":\"https:\/\/websukien3.vidoweb.vn\/#website\",\"url\":\"https:\/\/websukien3.vidoweb.vn\/\",\"name\":\"S\u1ef1 ki\u1ec7n 3\",\"description\":\"\",\"potentialAction\":[{\"@type\":\"SearchAction\",\"target\":{\"@type\":\"EntryPoint\",\"urlTemplate\":\"https:\/\/websukien3.vidoweb.vn\/?s={search_term_string}\"},\"query-input\":{\"@type\":\"PropertyValueSpecification\",\"valueRequired\":true,\"valueName\":\"search_term_string\"}}],\"inLanguage\":\"vi\"}]}<\/script>\n<!-- \/ Yoast SEO plugin. -->","yoast_head_json":{"title":"Th\u00f4ng b\u00e1o - S\u1ef1 ki\u1ec7n 3","robots":{"index":"noindex","follow":"follow","max-snippet":"max-snippet:-1","max-image-preview":"max-image-preview:large","max-video-preview":"max-video-preview:-1"},"og_locale":"vi_VN","og_type":"article","og_title":"Th\u00f4ng b\u00e1o - S\u1ef1 ki\u1ec7n 3","og_url":"https:\/\/websukien3.vidoweb.vn\/?page_id=61","og_site_name":"S\u1ef1 ki\u1ec7n 3","article_modified_time":"2019-09-18T07:19:07+00:00","twitter_card":"summary_large_image","twitter_misc":{"\u01af\u1edbc t\u00ednh th\u1eddi gian \u0111\u1ecdc":"1 ph\u00fat"},"schema":{"@context":"https:\/\/schema.org","@graph":[{"@type":"WebPage","@id":"https:\/\/websukien3.vidoweb.vn\/?page_id=61","url":"https:\/\/websukien3.vidoweb.vn\/?page_id=61","name":"Th\u00f4ng b\u00e1o - S\u1ef1 ki\u1ec7n 3","isPartOf":{"@id":"https:\/\/websukien3.vidoweb.vn\/#website"},"datePublished":"2019-09-17T06:51:51+00:00","dateModified":"2019-09-18T07:19:07+00:00","breadcrumb":{"@id":"https:\/\/websukien3.vidoweb.vn\/?page_id=61#breadcrumb"},"inLanguage":"vi","potentialAction":[{"@type":"ReadAction","target":["https:\/\/websukien3.vidoweb.vn\/?page_id=61"]}]},{"@type":"BreadcrumbList","@id":"https:\/\/websukien3.vidoweb.vn\/?page_id=61#breadcrumb","itemListElement":[{"@type":"ListItem","position":1,"name":"Trang ch\u1ee7","item":"https:\/\/websukien3.vidoweb.vn\/"},{"@type":"ListItem","position":2,"name":"Th\u00f4ng b\u00e1o"}]},{"@type":"WebSite","@id":"https:\/\/websukien3.vidoweb.vn\/#website","url":"https:\/\/websukien3.vidoweb.vn\/","name":"S\u1ef1 ki\u1ec7n 3","description":"","potentialAction":[{"@type":"SearchAction","target":{"@type":"EntryPoint","urlTemplate":"https:\/\/websukien3.vidoweb.vn\/?s={search_term_string}"},"query-input":{"@type":"PropertyValueSpecification","valueRequired":true,"valueName":"search_term_string"}}],"inLanguage":"vi"}]}},"_links":{"self":[{"href":"https:\/\/websukien3.vidoweb.vn\/index.php?rest_route=\/wp\/v2\/pages\/61","targetHints":{"allow":["GET"]}}],"collection":[{"href":"https:\/\/websukien3.vidoweb.vn\/index.php?rest_route=\/wp\/v2\/pages"}],"about":[{"href":"https:\/\/websukien3.vidoweb.vn\/index.php?rest_route=\/wp\/v2\/types\/page"}],"author":[{"embeddable":true,"href":"https:\/\/websukien3.vidoweb.vn\/index.php?rest_route=\/wp\/v2\/users\/1"}],"replies":[{"embeddable":true,"href":"https:\/\/websukien3.vidoweb.vn\/index.php?rest_route=%2Fwp%2Fv2%2Fcomments&post=61"}],"version-history":[{"count":0,"href":"https:\/\/websukien3.vidoweb.vn\/index.php?rest_route=\/wp\/v2\/pages\/61\/revisions"}],"wp:attachment":[{"href":"https:\/\/websukien3.vidoweb.vn\/index.php?rest_route=%2Fwp%2Fv2%2Fmedia&parent=61"}],"curies":[{"name":"wp","href":"https:\/\/api.w.org\/{rel}","templated":true}]}}